f 134327?
2
What is the thousands digit of 37346?
7
What is the units digit of 15087?
7
What is the hundreds digit of 425?
4
What is the units digit of 11730?
0
What is the units digit of 1650?
0
What is the units digit of 733?
3
What is the units digit of 1281?
1
What is the tens digit of 12439?
3
What is the hundreds digit of 1003?
0
What is the thousands digit of 104779?
4
What is the thousands digit of 12520?
2
What is the thousands digit of 20885?
0
What is the hundreds digit of 11651?
6
What is the tens digit of 3466?
6
What is the hundreds digit of 529?
5
What is the thousands digit of 9433?
9
What is the thousands digit of 29254?
9
What is the hundreds digit of 948?
9
What is the hundreds digit of 474?
4
What is the hundreds digit of 36329?
3
What is the tens digit of 26803?
0
What is the units digit of 12927?
7
What is the units digit of 3674?
4
What is the hundreds digit of 13485?
4
What is the units digit of 231?
1
What is the hundreds digit of 4441?
4
What is the units digit of 4278?
8
What is the units digit of 262?
2
What is the thousands digit of 8507?
8
What is the thousands digit of 2107?
2
What is the units digit of 4778?
8
What is the tens digit of 19402?
0
What is the hundreds digit of 2586?
5
What is the tens digit of 2082?
8
What is the ten thousands digit of 23671?
2
What is the units digit of 10505?
5
What is the thousands digit of 3217?
3
What is the thousands digit of 6711?
6
What is the units digit of 1506?
6
What is the tens digit of 51146?
4
What is the tens digit of 1386?
8
What is the units digit of 20037?
7
What is the thousands digit of 32230?
2
What is the thousands digit of 1840?
1
What is the thousands digit of 5567?
5
What is the tens digit of 980?
8
What is the tens digit of 880?
8
What is the tens digit of 1724?
2
What is the tens digit of 44235?
3
What is the ten thousands digit of 113802?
1
What is the tens digit of 2087?
8
What is the tens digit of 1221?
2
What is the thousands digit of 44573?
4
What is the ten thousands digit of 125021?
2
What is the tens digit of 1107?
0
What is the hundreds digit of 5833?
8
What is the hundred thousands digit of 141443?
1
What is the units digit of 4732?
2
What is the thousands digit of 6437?
6
What is the hundreds digit of 48812?
8
What is the tens digit of 5602?
0
What is the units digit of 7469?
9
What is the hundreds digit of 13491?
4
What is the units digit of 672?
2
What is the hundreds digit of 640?
6
What is the thousands digit of 1161?
1
What is the tens digit of 1473?
7
What is the units digit of 769?
9
What is the units digit of 6049?
9
What is the units digit of 87736?
6
What is the ten thousands digit of 184950?
8
What is the hundreds digit of 1285?
2
What is the thousands digit of 1008?
1
What is the units digit of 3140?
0
What is the units digit of 11448?
8
What is the hundreds digit of 8296?
2
What is the thousands digit of 3110?
3
What is the hundreds digit of 177706?
7
What is the units digit of 21621?
1
What is the hundreds digit of 5108?
1
What is the thousands digit of 46696?
6
What is the hundreds digit of 1136?
1
What is the hundreds digit of 3835?
8
What is the units digit of 6353?
3
What is the tens digit of 2371?
7
What is the hundreds digit of 13640?
6
What is the units digit of 14062?
2
What is the tens digit of 7348?
4
What is the tens digit of 65640?
4
What is the thousands digit of 18608?
8
What is the units digit of 2366?
6
What is the tens digit of 1886?
8
What is the tens digit of 44473?
7
What is the units digit of 1383?
3
What is the units digit of 72109?
9
What is the hundreds digit of 93271?
2
What is the hundreds digit of 2236?
2
What is the ten thousands digit of 33769?
3
What is the units digit of 17546?
6
What is the units digit of 38150?
0
What is the units digit of 58764?
4
What is the hundreds digit of 11569?
5
What is the thousands digit of 2257?
2
What is the hundreds digit of 14490?
4
What is the thousands digit of 32078?
2
What is the units digit of 28957?
7
What is the units digit of 1569?
9
What is the units digit of 271?
1
What is the units digit of 115?
5
What is the units digit of 1283?
3
What is the units digit of 8339?
9
What is the units digit of 1466?
6
What is the units digit of 7230?
0
What is the tens digit of 3882?
8
What is the hundreds digit of 1909?
9
What is the units digit of 41546?
6
What is the tens digit of 944?
4
What is the thousands digit of 104268?
4
What is the units digit of 16198?
8
What is the tens digit of 38498?
9
What is the units digit of 297?
7
What is the hundreds digit of 2366?
3
What is the units digit of 96007?
7
What is the ten thousands digit of 33327?
3
What is the ten thousands digit of 49655?
4
What is the tens digit of 388?
8
What is the hundreds digit of 1532?
5
What is the ten thousands digit of 20378?
2
What is the tens digit of 1065?
6
What is the hundreds digit of 1690?
6
What is the thousands digit of 156662?
6
What is the hundreds digit of 838?
8
What is the units digit of 11271?
1
What is the units digit of 6572?
2
What is the ten thousands digit of 14627?
1
What is the units digit of 3890?
0
What is the units digit of 8912?
2
What is the units digit of 8291?
1
What is the tens digit of 1783?
8
What is the ten thousands digit of 55065?
5
What is the tens digit of 1310?
1
What is the units digit of 10911?
1
What is the units digit of 52454?
4
What is the hundreds digit of 17332?
3
What is the units digit of 12009?
9
What is the tens digit of 14103?
0
What is the ten thousands digit of 33508?
3
What is the hundreds digit of 5697?
6
What is the thousands digit of 12996?
2
What is the thousands digit of 7933?
7
What is the ten thousands digit of 52712?
5
What is the units digit of 41607?
7
What is the hundreds digit of 987?
9
What is the ten thousands digit of 16840?
1
What is the units digit of 78396?
6
What is the units digit of 126709?
9
What is the thousands digit of 42694?
2
What is the hundreds digit of 470?
4
What is the tens digit of 128?
2
What is the units digit of 714?
4
What is the hundreds digit of 1229?
2
What is the hundreds digit of 18171?
1
What is the hundreds digit of 952?
9
What is the thousands digit of 1325?
1
What is the hundreds digit of 28311?
3
What is the hundreds digit of 3444?
4
What is the thousands digit of 4806?
4
What is the tens digit of 1614?
1
What is the hundreds digit of 22100?
1
What is the units digit of 1266?
6
What is the units digit of 16762?
2
What is the hundreds digit of 24152?
1
What is the hundreds digit of 1438?
4
What is the hundreds digit of 1686?
6
What is the units digit of 13815?
5
What is the tens digit of 42018?
1
What is the hundreds digit of 3889?
8
What is the units digit of 27517?
7
What is the tens digit of 20143?
4
What is the units digit of 1889?
9
What is the hundreds digit of 44973?
9
What is the units digit of 20118?
8
What is the tens digit of 3446?
4
What is the ten thousands digit of 46309?
4
What is the ten thousands digit of 135268?
3
What is the tens digit of 20049?
4
What is the ten thousands digit of 14991?
1
What is the thousands digit of 14458?
4
What is the tens digit of 2625?
2
What is the units digit of 1135?
5
What is the hundreds digit of 401?
4
What is the units digit of 992?
2
What is the units digit of 36980?
0
What is the tens digit of 261?
6
What is the units digit of 34253?
3
What is the hundreds digit of 28807?
8
What is the units digit of 5661?
1
What is the tens digit of 14892?
9
What is the tens digit of 408?
0
What is the hundreds digit of 461?
4
What is the hundreds digit of 11059?
0
What is the units digit of 33650?
0
What is the hundreds digit of 2059?
0
What is the tens digit of 1197?
9
What is the hundreds digit of 13751?
7
What is the units digit of 415?
5
What is the thousands digit of 5587?
5
What is the tens digit of 1590?
9
What is the hundreds digit of 144?
1
What is the hundreds digit of 15675?
6
What is the ten thousands digit of 66202?
6
What is the tens digit of 38218?
1
What is the hundreds digit of 149?
1
What is the units digit of 2832?
2
What is the hundreds digit of 9107?
1
What is the hundreds digit of 1885?
8
What is the units digit of 404?
4
What is the tens digit of 4221?
2
What is the thousands digit of 3575?
3
What is the hundreds digit of 1510?
5
Wh